 15*(4 + -4 + 1). Suppose 0 = -g - 2*g + y. What are the prime factors of g?
5
Suppose -67 = -k + 5*o + 92, -4*o = -4*k + 572. What are the prime factors of k?
139
Let d(l) = -l**3 - 6*l**2 - 5*l - 4. List the prime factors of d(-6).
2, 13
Let b(k) = k**2 + 6*k - 7. Let a be b(-7). Suppose -3*m + 0*m + 45 = a. What are the prime factors of m?
3, 5
Let i be (-3 - 1)*(-43)/4. Let g = i + -21. What are the prime factors of g?
2, 11
Let a = 11 - -85. List the prime factors of a.
2, 3
Let n be (-4)/1*(-10 - 0). Let x = -19 + n. Let j = x + -11. What are the prime factors of j?
2, 5
Let y(a) be the third derivative of -5*a**4/12 + a**3/6 - 4*a**2. What are the prime factors of y(-2)?
3, 7
Let p = -2 - -49. What are the prime factors of p?
47
Let x(u) = -27*u**3 - 2*u - 1. Let p be x(-1). Suppose p = 4*f + 2*v - v, 3*f = -3*v + 30. Suppose 2*l + f - 22 = 0. What are the prime factors of l?
2
Let a = 8 + 3. What are the prime factors of a?
11
Let o(m) = -5*m**2 - 8*m - 4. Let u(z) = -z**2 + 1. Let l(c) = o(c) - 4*u(c). Suppose -2*j - 14 = -2. What are the prime factors of l(j)?
2
Suppose -4*s + 0 = -4*r + 4, 3*r = -3*s + 21. List the prime factors of ((-9)/(-3) - s) + 30.
2, 3, 5
Let l(q) = -q**3 - q**2 - q + 2. Let u be 4/10 - (-4)/(-10). Let f be l(u). Suppose k - 5 + 4 = y, 0 = -f*k + 5*y - 7. What are the prime factors of k?
2
Let x = 0 - 0. Suppose 4*u - u - 12 = x. What are the prime factors of u?
2
Let n be (-70)/(-6) - 8/12. Suppose -g = -1 - n. Suppose 0 = 5*r + 6*x - 2*x - 49, -g = -r - 3*x. What are the prime factors of r?
3
Let d(u) = 5*u**2 + 8*u + 3. What are the prime factors of d(-2)?
7
Suppose 0 = -4*x + 2*s - 42, -2*s - 9 = s. Let w = 6 - x. List the prime factors of w.
2, 3
Let f(d) be the second derivative of -d**5/20 + d**4/6 + d**3/2 - 2*d. Let n be f(-4). What are the prime factors of (-4)/(-10) - n/(-15)?
2, 3
What are the prime factors of ((-54)/(-12))/9 - (-218)/4?
5, 11
Suppose 3*b - d + 158 - 876 = 0, 4*b + d = 948. List the prime factors of b.
2, 7, 17
Let l(b) = 2*b + 3. Let i(o) be the second derivative of o**5/20 - o**4/12 + 3*o**2 + o. Let u be i(0). List the prime factors of l(u).
3, 5
Suppose 3*h - 12 = -2*w, -h + 2*h = -2*w + 8. Suppose 0 = w*z - 0*z - 27. What are the prime factors of z?
3
Suppose 0 = 2*k + k - 6. Let d be (4/5)/(k/65). Let f = -14 + d. What are the prime factors of f?
2, 3
Suppose -37 = -4*w + 5*t, 3*w - t - 14 = -0*t. Suppose -78 = -w*r - 0*r. What are the prime factors of r?
2, 13
Let z be (6/(-9))/(4/(-18)). Suppose 0 = -z*b + 34 - 7. List the prime factors of b.
3
Let x be (2 + 6/(-2))*-5. Suppose 2*j + s - 27 = -2*s, j - x*s - 7 = 0. What are the prime factors of j?
2, 3
Let q be (-1 - -2)*6/(-1). Let h(m) = -m + 20. What are the prime factors of h(q)?
2, 13
Let r = -3 - -31. What are the prime factors of r?
2, 7
Let q(v) = -v**2 - 4*v + 19. Let z(t) = t**2 + 2*t - 10. Let l(x) = 3*q(x) + 5*z(x). What are the prime factors of l(-4)?
47
Suppose -2*n = -3*n. Suppose n = -y + 3*i + 17, -5*y = -0*y - 5*i - 55. What are the prime factors of y?
2
Let c(g) = 20*g + 10. List the prime factors of c(5).
2, 5, 11
Let h(v) = -v**3 - 8*v**2 - 8*v - 5. Let z be h(-7). Suppose c = z*c + 7. Let t(o) = o**3 + 7*o**2 - o + 5. What are the prime factors of t(c)?
2, 3
Suppose 4*v - 252 = -4*k, 5*v - k = 202 + 137. List the prime factors of v.
67
Let n(i) = i**2 - 6*i - 13. What are the prime factors of n(-10)?
3, 7
Let j(t) = t**2 + 6*t + 12. Let w be j(-5). Suppose -r + 22 = -w. List the prime factors of r.
29
Suppose -94 + 430 = 4*i. What are the prime factors of i?
2, 3, 7
Let d = -84 + 199. List the prime factors of d.
5, 23
Suppose 2*w + 0*u + 4*u = 28, 108 = 4*w - 5*u. Suppose w = 2*q + 2. What are the prime factors of q?
2, 5
Let k be 10/(-4)*8/(-10). Suppose -k*x + 0*x = -12. List the prime factors of x.
2, 3
Let x be 0 + -3 + (-1 - 4). Let c be ((-58)/x)/(2/8). Let t = c - 15. What are the prime factors of t?
2, 7
Let k(u) = 12*u + 4. List the prime factors of k(4).
2, 13
Suppose -5*u = 1 + 4, -4 = -4*d - 4*u. List the prime factors of d.
2
Suppose 7*x = 3*x + 300. Let z = x + -51. List the prime factors of z.
2, 3
Let w(q) = 2*q**2 + 13*q + 11. Let b(x) = -x**2 - 6*x - 5. Let n(l) = 5*b(l) + 3*w(l). List the prime factors of n(-10).
2, 3
Suppose 2*x = -2*s - 16 + 74, -x = 2*s - 24. What are the prime factors of x?
2, 17
Let j = -13 - -17. Suppose j*c + 66 = 6*c. What are the prime factors of c?
3, 11
Let j(n) = 71*n - 1. What are the prime factors of j(1)?
2, 5, 7
Let v(s) = 16*s**3 + 3*s**2 - 2*s + 5. Let p(a) = -8*a**3 - 2*a**2 + a - 3. Let y(x) = -5*p(x) - 3*v(x). List the prime factors of y(-1).
2
Let g = -5 - -12. Let d = g - -20. Suppose 3*f - d + 9 = 0. List the prime factors of f.
2, 3
Let u(k) = 2*k**2 - 14*k + 1. What are the prime factors of u(10)?
61
What are the prime factors of (-4)/(-18) + (4 - 1537/(-9))?
5, 7
List the prime factors of ((-6)/(-24))/(2427/1212 + -2).
101
Let g be 24/14 + 8/28. Suppose -4*j = -5*z + 59, -89 = -5*z + g*j - 32. Let a = 22 - z. List the prime factors of a.
11
Suppose 7*v - 2*v = 0. Suppose v*h = -3*h + 33. List the prime factors of h.
11
Suppose 0 = 2*o - 0*o - 4. Let u be o/6*(0 - -12). Suppose 0 = u*j + 2*v - 46, -j = -5*v - 20 + 3. List the prime factors of j.
2, 3
Suppose -4*y = -3*h + 43, 5*h - 40 = 5*y + 20. Let v = 1 - y. What are the prime factors of v?
2
Suppose 6 = 4*b + 4*a - 26, a = b. Suppose -4*m - 76 = -b*f, -3*f = m - 13 - 48. What are the prime factors of f?
2, 5
Let r be 4/16 + (-7)/(-4). List the prime factors of ((-3)/9)/(r/(-42)).
7
Let c = -38 + 136. List the prime factors of c.
2, 7
Let h(n) = -5*n**3 - 2*n**2 - n - 6. List the prime factors of h(-2).
2, 7
Let y(i) be the third derivative of i**5/60 + i**4/24 + 3*i**2. What are the prime factors of y(-3)?
2, 3
Let k be 6 - (-8 - -3 - -2). Suppose -5*y + 35 = 4*g - k*g, 3*y + 2*g = 36. Let o = y - 8. List the prime factors of o.
2
Let y(n) = -13*n - 5. Let c be (-4)/(-6) + (-70)/15. What are the prime factors of y(c)?
47
Let j(q) = 5*q**2 - 3*q - 3. Let i be j(3). Suppose 0 = 4*y - 3 - i. List the prime factors of y.
3
Let p be 32/(-13)*-4 - 4/(-26). Let g(d) = d - 8. Let i be g(-7). What are the prime factors of 4/p + (-204)/i?
2, 7
Let l(o) = o**2 - 1. What are the prime factors of l(-6)?
5, 7
Let u = 0 + 0. Suppose 0 = -u*w - 2*w + 6. What are the prime factors of w?
3
Suppose 1548 = 2*o + o. List the prime factors of 2/(-10) + o/30.
17
Suppose 5*l - 210 = -5*c - 10, 0 = -4*c + l + 170. List the prime factors of c.
2, 3, 7
Let h(q) = q**3 - 5*q**2 + 16*q - 18. List the prime factors of h(6).
2, 3, 19
Suppose -3*m + 4 = -119. What are the prime factors of m?
41
Suppose l = 2*b - 7, l - 3*l - 4*b + 2 = 0. List the prime factors of 2 + -1 - 2*l.
7
Let p(u) be the first derivative of 3*u**4/4 - 3. Let d be p(1). Suppose d = -j + 16. List the prime factors of j.
13
Suppose 0 = k - p + 4*p - 29, -2*p = -k + 19. What are the prime factors of k?
23
Let c(l) = -l. Let t be c(0). Let i = -10 + 16. Suppose t = -o - o + i. List the prime factors of o.
3
Suppose -2*x - 37 = -3*x. What are the prime factors of x?
37
Let t(i) = -i**3 - 16*i**2 - 8*i - 7. List the prime factors of t(-16).
11
Let b(x) = -2*x + 2. Let o be b(4). Let n be o/(-4)*80/24. Let t(w) = w + 4. List the prime factors of t(n).
3
Let g(x) = -x + 7. Let w be g(-5). Suppose 5*k = -0*k. Suppose 3*t - 21 - w = k. What are the prime factors of t?
11
Let d(g) be the third derivative of g**7/5040 + 11*g**6/720 + g**5/60 - g**2. Let x(m) be the third derivative of d(m). List the prime factors of x(-5).
2, 3
Let a(d) be the first derivative of -d**2 - 9*d - 3. What are the prime factors of a(-9)?
3
Let v be 96/(-10) - (-9)/15. Let w = v - -20. List the prime factors of w.
11
Suppose 2*q - 25 = -t, 2*q + 4 = -5*t + 9. List the prime factors of q.
3, 5
Let j(b) = -b**2 + 8*b + 8. Suppose -29 = -5*c + 11. What are the prime factors of j(c)?
2
Let p(q) = q**3 + q**2 + 10. What are the prime factors of p(0)?
2, 5
Let d(z) = 2*z**2 - z + 1. Let m be d(-2). Let q = -28 + 54. Let n = q - m. List the prime factors of n.
3, 5
What are the prime factors of (-24)/16*22/(-3)?
11
Suppose 2*i - 3*x = 5, -3*i + 5*i - 4*x = 6. Suppose 0 = -4*p - i -